ose o*l - 108 = -33. Let s(x) = -43*x + 1. What is the remainder when s(-1) is divided by l?
14
Let x = 57 - 11. Let d(o) = -2*o. Let g(a) = -3*a + 1. Let v be g(3). Calculate the remainder when x is divided by d(v).
14
Suppose -2*x = -3*j + 43, 0 = 2*j + 2*x - x - 24. What is the remainder when 3/(60/(-32) - -2) is divided by j?
11
Suppose -43 + 171 = 4*b. Let a = 5 + -13. Let t(o) = -2*o - 5. Calculate the remainder when b is divided by t(a).
10
Let h(g) = g - 3. Let w be h(7). Let d = 0 - w. What is the remainder when 13 is divided by 30/d*4/(-6)?
3
Suppose 2 + 13 = -3*l. Let i = -3 + 5. Let b = i - l. Calculate the remainder when 20 is divided by b.
6
Let u = 15 - 2. Suppose -c - 1 = 0, 3*b - 5*c - 80 = -0*b. Calculate the remainder when b is divided by u.
12
Suppose 2*k + y = 2*y + 1, -4*y = -4*k - 4. Let q = -7 - -13. What is the remainder when q is divided by k?
0
Let c = -26 - -71. Suppose -9*a + 11*a = 24. What is the remainder when c is divided by a?
9
What is the remainder when 28 is divided by (-6 - -5)*24/(-3)?
4
Let w(a) = -a - 8. Let l be w(-11). Suppose y - 10 = -l*x + 2*x, -2*y = -3*x + 45. What is the remainder when 23 is divided by x?
10
Let s = 305 + -283. What is the remainder when 2*(-1)/(-1) - -61 is divided by s?
19
Let d = -17 + 48. What is the remainder when d is divided by 18?
13
Let f = 31 - 17. What is the remainder when f is divided by 5?
4
Let b(y) = y**3 - y**2 - y - 28. Let f be b(0). Let l = f + 83. What is the remainder when l is divided by 19?
17
Let a(m) = m**3 + 9*m**2 - m - 11. Let d be a(-9). What is the remainder when (4/(-2))/d - -35 is divided by 19?
17
Suppose 27 = 3*r + 3. Suppose -5*u + 2*h = 41 - 12, 33 = -5*u + 4*h. Let t = r + u. What is the remainder when 4 is divided by t?
1
Let o(r) = r**2 + r. Let v be o(0). What is the remainder when 1/4*46*2 is divided by 10 - (0 - v - -2)?
7
Let p(g) = -g**2 - 5*g - 1. Let d be p(-4). Let u = d - -5. Suppose 4*s = u*s - 5*c - 45, -3*s + 20 = -c. Calculate the remainder when 13 is divided by s.
3
Let c(f) = -8*f - 1. Let d(z) = -7*z - 1. Let p(q) = 5*c(q) - 6*d(q). Let v be p(-2). Let x(h) = -h - 2. Calculate the remainder when x(v) is divided by 1.
0
Suppose -66 = -4*p + p. Calculate the remainder when p is divided by (-124)/(-10) + 2/(-5).
10
Let c(v) = -44*v - 1. Let h be c(2). Let w = -62 - h. Let a = w + -13. Calculate the remainder when 27 is divided by a.
13
Suppose 4*l = -4*s + 28, -5*s + 0*s = -4*l + 1. Calculate the remainder when s is divided by 1 - (-4 + (2 - 0)).
0
Suppose 21*k - 48 = 18*k. Let n(t) = t**3 + 7*t**2 + 3*t - 4. Calculate the remainder when n(-5) is divided by k.
15
Let u(b) = 4*b**3 - 2*b + 1. Let j be u(1). Suppose j*m = -0*m + 12, 4*y + m + 144 = 0. Let x = 59 + y. Calculate the remainder when x is divided by 12.
10
Let l be 0 + (-90)/(-3) + 1. Calculate the remainder when -1 + 0 + 5 + l is divided by 12.
11
Suppose 144 = -6*f + 9*f. Suppose 0*n = 4*n - f. Calculate the remainder when 33 is divided by n.
9
Suppose -13*i + 110 = 9*i. What is the remainder when i is divided by 2?
1
Let b(l) = l**2 - 2*l + 15. Let t = 56 + -13. What is the remainder when t is divided by b(0)?
13
Suppose 0 = -4*y - 3*k - 2 + 6, 4*y - 28 = 3*k. Calculate the remainder when 9 is divided by y.
1
Let l = 11 + -2. What is the remainder when l is divided by 3?
0
What is the remainder when 69 is divided by 3*(-6)/(-45) + 192/20?
9
Let c = 247 - 149. What is the remainder when c is divided by 33?
32
Suppose 7 = 5*v - 13. Suppose -4*w = -v*b + 32, 25 = b + 4*w - 3. What is the remainder when ((-35)/2)/(1/(-2)) is divided by b?
11
Let z be (0 + -4)/(2/4). Let f(d) = -d - 4. Let x be f(z). Calculate the remainder when 25 is divided by ((-36)/x)/(1*-1).
7
Let k(h) = h**3 - 5*h**2 + 3*h + 2. Suppose 4*t + o - 129 = 0, 5*t + 5*o = 8*o + 157. Calculate the remainder when t is divided by k(5).
15
Suppose 0 = n, 0 = -3*g - g + n + 44. What is the remainder when 21 is divided by g?
10
Suppose 0*h = -h + 14. What is the remainder when 55 is divided by h?
13
Suppose 4*i + 153 = 2*b + 19, 134 = 2*b + 4*i. What is the remainder when b is divided by 10?
7
Let r = -3 - -32. What is the remainder when r is divided by 15?
14
Let b(f) = 7*f + 13 - 6*f - 5. Calculate the remainder when 41 is divided by b(6).
13
Let w = 10 - 6. Suppose -w*u = -t + 30, 9*t = 4*t - u + 45. Suppose -3*x = -2*n + 4 + 1, t = 3*n - 2*x. Calculate the remainder when 10 is divided by n.
2
Let x = -1 - 12. Let m be (x/(-2) + 0)*2. Let n = -4 + m. What is the remainder when 17 is divided by n?
8
Suppose -20 = -4*t + 4. Calculate the remainder when t/(-4)*(-434)/21 is divided by 16.
15
Let z = 38 - 33. Suppose 3*o + 34 = 5*j, j - 4*o - 24 = -3*j. Calculate the remainder when j is divided by z.
3
Calculate the remainder when 6 is divided by 1/((-12)/(-33)) - 3/(-12).
0
Let u(g) = g**3 + 12*g**2 - 4*g - 30. Calculate the remainder when 141 is divided by u(-12).
15
Suppose 0 = o + 5*i + 8, -o + 2*i = -4 - 9. Calculate the remainder when 33 is divided by o.
5
Let i(b) = -b**3 + 5*b**2 + 2*b + 3. What is the remainder when 51 is divided by i(4)?
24
Let t(a) = a**3 - a**2 + a - 2. Suppose -14 = -4*l + q, 0*l - 7 = l + 5*q. What is the remainder when t(l) is divided by 50/(-5)*3/(-6)*2?
9
Let h(s) = s**2 + 13*s + 27. What is the remainder when 43 is divided by h(-12)?
13
Calculate the remainder when (-224)/(-4) + (2 - 1) is divided by 15.
12
Suppose -79 = -10*y + 11. Let v(t) = -t**3 - 3*t**2 + t + 3. What is the remainder when v(-4) is divided by y?
6
Let v = 16 + 63. Calculate the remainder when v is divided by 27.
25
Suppose 3*s = -0 + 45. Suppose 2*h = 2, 0*h - 16 = -4*g + 4*h. Suppose -136 = -g*x + d, x + 6*d - 3*d = 40. Calculate the remainder when x is divided by s.
13
Suppose 3*g - 6*g = -5*u - 175, -3*u = 5*g - 269. Calculate the remainder when g is divided by 15.
10
Let r be 192/14 - (-4)/14. Suppose -5*u = -u - 4*p - 40, u = -3*p - 10. What is the remainder when 116/r + (-2)/7 is divided by u?
3
Let q be (-3)/(-1)*104/(-6). Let d = -27 - q. What is the remainder when d is divided by 9?
7
Suppose -58 = -3*w - 3*i + 38, -2*i = 4*w - 136. Suppose -5*x = -4*n - 22 - 59, -2*n - w = -4*x. Let z = -16 - n. What is the remainder when z is divided by 3?
2
Suppose 2*c - 53 - 9 = 0. What is the remainder when c is divided by 11?
9
Suppose 0 = 3*l - 20 + 8. Let g be 2/7 + 208/(-91). Let v = 1 - g. What is the remainder when l is divided by v?
1
Let h = -3 - -10. Let f = -45 + 57. Calculate the remainder when f is divided by h.
5
Suppose 4*z - 150 = z. Calculate the remainder when z is divided by 13.
11
Suppose 0 = -3*o - 0*o + 27. Calculate the remainder when 32 is divided by o.
5
Let d(f) be the third derivative of 7*f**4/12 + f**3/6 - 3*f**2. Let v be d(7). Let j = v - 44. Calculate the remainder when j is divided by 19.
17
Let v(j) = 4*j**2 + j - 2. Calculate the remainder when v(2) is divided by 5.
1
Suppose -3*u + 7 = -2. Suppose -3*n - 15 = 0, -3*w - 60 = -6*w + u*n. Calculate the remainder when 57 is divided by w.
12
Let f(v) = 6*v**2 - 2. Suppose -259 - 2 = -3*w. What is the remainder when w is divided by f(-2)?
21
Let l = 12 + -6. Suppose -5*i - l = -86. Calculate the remainder when i is divided by 9.
7
Suppose 3 = -8*a + 179. Calculate the remainder when 30 is divided by a.
8
Let s(q) = 4*q**2 - 3*q + 14. Calculate the remainder when 121 is divided by s(3).
39
Suppose 8*k - 4*k = 152. Suppose 0 = 2*l + 8 - k. Calculate the remainder when 55 is divided by l.
10
Suppose k = 3*k + 2*r - 132, -5*k + r + 306 = 0. What is the remainder when k is divided by 13?
10
What is the remainder when (41/4)/((-1)/(-4)) is divided by 15?
11
Suppose 0*z = -2*z + 6. Suppose t + 78 = z*c, 0 = 3*c - 2*t - 41 - 37. What is the remainder when c is divided by 9?
8
Suppose c = 4*m - 125, 0 = 2*m + c - 31 - 30. What is the remainder when m is divided by 11?
9
Let h = -52 + 66. Suppose -l - 4*z + 10 = -20, -129 = -5*l + z. Calculate the remainder when l is divided by h.
12
Let w(c) = c**3 - 28*c**2 - 26*c - 12. What is the remainder when w(29) is divided by 4?
3
Suppose -4*u - 23 + 3 = 0, 5*t + 2*u - 35 = 0. Suppose -2*r - 3*k + 2 - 8 = 0, -2*r = -2*k + 6. Calculate the remainder when (2/r)/((-2)/75) is divided by t.
7
Supp